{"id":764,"date":"2023-02-14T15:04:31","date_gmt":"2023-02-14T14:04:31","guid":{"rendered":"https:\/\/efi-sh.de\/pinneberg\/?page_id=764"},"modified":"2026-02-16T10:24:48","modified_gmt":"2026-02-16T09:24:48","slug":"projekte","status":"publish","type":"page","link":"https:\/\/efi-sh.de\/pinneberg\/projekte\/","title":{"rendered":"Projekte"},"content":{"rendered":"<div>\n<h1>Projekte der <span style=\"color: #ff6600;\"><em>senior<\/em><span style=\"color: #ff0000;\">Trainer<\/span><\/span><\/h1>\n<p><span style=\"color: #ff6600;\"><span style=\"color: #000000;\">Unsere <\/span><em>senior<\/em><span style=\"color: #ff0000;\"><strong>Trainer<\/strong><em>innen<\/em> <\/span><\/span>und <span style=\"color: #ff6600;\"><em>senior<\/em><\/span><span style=\"color: #ff6600;\"><span style=\"color: #ff0000;\"><strong>Trainer <\/strong><span style=\"color: #000000;\">des Landesnetzwerkes Schleswig Holstein e.V. <\/span><\/span><\/span>engagieren sich in unterschiedlichen Bereichen. Sie initiieren zum Beispiel Angebote in der Altenhilfe, im Diabetikersport, entwerfen eine H\u00f6rzeitung f\u00fcr Sehbehinderte, planen und leiten generations\u00fcbergreifende Projekte wie zum Beispiel: G\u00e4rtnern mit Kindern und Br\u00fcckenbau \u2013 Jugend hilft, beteiligen sich bei der Planung und Durchf\u00fchrung der landesweiten Ehrenamtsmessen und \u2013foren und vieles mehr.<\/p>\n<p><strong>Liste unserer laufenden\u00a0 Projekte des KompetenzTeams Kreis Pinneberg:<\/strong><br \/>\n&#8211; Boule auf der Boule-Bahn am Rantzauer See, Barmstedt<br \/>\n&#8211; Keine Angst vor digitalen Medien, Hilfestellung mit digitalen Ger\u00e4ten &amp; Medien, im Humburg Haus, Barmstedt<br \/>\n&#8211; KI f\u00fcr ein besseres Altern. Unterst\u00fctzung der regionalen Seniorenbeir\u00e4te zur digitale Teilhabe, Landesweit in Schleswig Holstein<br \/>\n&#8211; Wo muss ich jetzt dr\u00fccken? Hilfestellung mit digitalen Ger\u00e4ten &amp; Medien, in der Stadtb\u00fccherei, Elmshorn<br \/>\n&#8211; In Barmstedt nicht alleine sein. Senioren-Caf\u00e9 und Kl\u00f6nschnack, im Humburg Haus, Barmstedt<br \/>\n&#8211; Legasthenie? Na und! LSR Selbsthilfegruppe f\u00fcr Erwachsene, DRK-Veranstaltungszentrum, Elmshorn<br \/>\n&#8211; Stammtisch, Digitale Teilhabe f\u00fcr Seniorinnen und Senioren, Seniorenresidenz Kummerfeld<br \/>\n&#8211; Beratung und Aufkl\u00e4rung f\u00fcr die Herzstiftung Frankfurt, Kooperation mit lokalen Kardiologen in den Kliniken Elmshorn, Pinneberg und Itzehoe<br \/>\n&#8211; Sch\u00fcler-Nachmittagsbetreuung (Alter 7-17) mit Fischertechnik Bauk\u00e4sten und Anleitung, AWO Elmshorn<\/p>\n<h2>Unser Team pflegt Projekte aus unterschiedlichen Bereichen.<br \/>\n<span style=\"font-size: 15px;\">Hierbei k\u00f6nnen Sie uns unterst\u00fctzen!<\/span><\/h2>\n<div>\n<h2>Sie haben eine Idee ? Ein eigenes Projekt ? Sie brauchen Unterst\u00fctzung ?<\/h2>\n<div>Nutzen Sie das Wissen und die Erfahrungen unseres <span style=\"color: #ff6600;\"><em>senior<\/em><span style=\"color: #ff0000;\"><strong>Trainer<\/strong><em>in-<\/em><span style=\"color: #000000;\">Teams<\/span><\/span><\/span> !<\/div>\n<\/div>\n<\/div>\n<div>\n<p>Sprechen Sie uns ruhig einmal an.<br \/>\nBeispiele f\u00fcr eine Unterst\u00fctzung:<br \/>\n&#8211; B\u00fcrgerbus der Stadt Gl\u00fcckstadt<br \/>\n&#8211; DRK Herzenssache in Kollmar<\/p>\n<p>Ihre Seniortrainerinnen und \u2013 trainer vom Kompetenzzentrum Kreis Pinneberg.<\/p>\n<p>Kontakt: Christina Walter<br \/>\nMail: <a href=\"mailto:pinneberg@seniortrainer-sh.de\" target=\"_blank\" rel=\"noopener\">pinneberg@seniortrainer-sh.de<\/a><\/p>\n<\/div>\n","protected":false},"excerpt":{"rendered":"<p>Projekte der seniorTrainer Unsere seniorTrainerinnen und seniorTrainer des Landesnetzwerkes Schleswig Holstein e.V. engagieren sich in unterschiedlichen Bereichen. Sie initiieren zum Beispiel Angebote in der Altenhilfe,&hellip; <\/p>\n","protected":false},"author":7,"featured_media":0,"parent":0,"menu_order":0,"comment_status":"closed","ping_status":"closed","template":"","meta":{"footnotes":""},"class_list":["post-764","page","type-page","status-publish","hentry"],"_links":{"self":[{"href":"https:\/\/efi-sh.de\/pinneberg\/wp-json\/wp\/v2\/pages\/764","targetHints":{"allow":["GET"]}}],"collection":[{"href":"https:\/\/efi-sh.de\/pinneberg\/wp-json\/wp\/v2\/pages"}],"about":[{"href":"https:\/\/efi-sh.de\/pinneberg\/wp-json\/wp\/v2\/types\/page"}],"author":[{"embeddable":true,"href":"https:\/\/efi-sh.de\/pinneberg\/wp-json\/wp\/v2\/users\/7"}],"replies":[{"embeddable":true,"href":"https:\/\/efi-sh.de\/pinneberg\/wp-json\/wp\/v2\/comments?post=764"}],"version-history":[{"count":4,"href":"https:\/\/efi-sh.de\/pinneberg\/wp-json\/wp\/v2\/pages\/764\/revisions"}],"predecessor-version":[{"id":1257,"href":"https:\/\/efi-sh.de\/pinneberg\/wp-json\/wp\/v2\/pages\/764\/revisions\/1257"}],"wp:attachment":[{"href":"https:\/\/efi-sh.de\/pinneberg\/wp-json\/wp\/v2\/media?parent=764"}],"curies":[{"name":"wp","href":"https:\/\/api.w.org\/{rel}","templated":true}]}}