{"id":753,"date":"2023-02-14T14:50:52","date_gmt":"2023-02-14T13:50:52","guid":{"rendered":"https:\/\/efi-sh.de\/pinneberg\/?page_id=753"},"modified":"2025-10-12T11:45:45","modified_gmt":"2025-10-12T09:45:45","slug":"standort","status":"publish","type":"page","link":"https:\/\/efi-sh.de\/pinneberg\/standort\/","title":{"rendered":"Standort"},"content":{"rendered":"<h3>Unser <span style=\"color: #ff9900;\"><span style=\"color: #ff6600;\"><em>senior<\/em><\/span><span style=\"color: #ff0000;\">Trainer<\/span><span style=\"color: #ff6600;\"><em>in<\/em><\/span><\/span>-Kompetenzteam ist aktiv in der Region Kreis Pinneberg<\/h3>\r\n<p>Zurzeit bestehen <strong>10 Anlaufstellen<\/strong> in Schleswig-Holstein.<\/p>\r\n<p>An jeder der genannten Anlaufstellen bilden die Gemeinschaft der Seniortrainer<em>innen <\/em>und die Anlaufstelle zusammen das \u00f6rtliche <strong>Seniortrainer<em>in<\/em>-Kompetenzteam<\/strong>.<\/p>\r\n<p>Die <strong>Anlaufstelle im Kreis Pinneberg<\/strong> ist angegliedert an die Stadt Barmstedt<\/p>\r\n<!-- \/wp:post-content -->\r\n\r\n<!-- wp:paragraph \/-->\r\n\r\n<!-- wp:paragraph -->\r\n<p>Die Anlaufstelle ist der Rechtstr\u00e4ger der <span style=\"color: #ff6600;\"><em>senior<\/em><span style=\"color: #ff0000;\">Trainer<\/span><em>in<\/em><\/span>-Team vor Ort (Kompetenzteams). Zentrale Aufgabe der Anlaufstelle sind die \u00d6ffentlichkeitsarbeit, Netzwerkbildung, Anwerbegespr\u00e4che, Gewinnung neuer seniorTraininnen und seniorTrainern und die Unterst\u00fctzung in der Praxisphase in Kooperation mit dem Kompetenzteam &#8211; Sprecher + Team.<\/p>\r\n<!-- \/wp:paragraph -->\r\n\r\n<!-- wp:paragraph -->\r\n<p><span style=\"color: #ff6600;\"><em>senior<\/em><span style=\"color: #ff0000;\">Trainer<\/span><em>in<\/em><\/span>-Kompetenzteam und Anlaufstelle bilden eine Einheit.<\/p>\r\n<figure id=\"attachment_1020\" aria-describedby=\"caption-attachment-1020\" style=\"width: 800px\" class=\"wp-caption alignnone\"><img fetchpriority=\"high\" decoding=\"async\" class=\"wp-image-1020 size-full\" src=\"https:\/\/efi-sh.de\/pinneberg\/wp-content\/uploads\/2023\/04\/sh-karte-st2023.gif\" alt=\"seniorTrainer Kompetenzteams in Schleswig-Holstein\" width=\"800\" height=\"641\" \/><figcaption id=\"caption-attachment-1020\" class=\"wp-caption-text\"><span style=\"color: #ff6600;\"><em>senior<\/em><span style=\"color: #ff0000;\">Trainer<\/span><em>in<\/em> \u00a0<\/span>Kompetenzteams in Schleswig-Holstein<\/figcaption><\/figure>\r\n<!-- \/wp:paragraph -->\r\n<h1>Kontakt<\/h1>\r\n<div>\r\n<div>Stadt Barmstedt, Rathaus, Am Markt 1, 25355 Barmstedt<br \/>Ansprechpartner: Philipp Sielaff<br \/>Telefon: 04123 681-117, Mail:<a href=\"mailto:p.sielaff@stadt-barmstedt.de\" target=\"_blank\" rel=\"noopener\">p.sielaff@stadt-barmstedt.de<\/a><br \/>\r\n<p><a href=\"https:\/\/www.vg-barmstedt-hoernerkirchen.de\/stadt-barmstedt\/beiraetebeauftragte\">https:\/\/www.vg-barmstedt-hoernerkirchen.de\/stadt-barmstedt\/beiraetebeauftragte<\/a><\/p>\r\n<p>Sie haben Interesse an unserer ehrenamtlichen Arbeit ?<\/p>\r\n<p><strong>Fragen sie gern bei uns an !<br \/><\/strong>Kontakt: Christina Walter<br \/>Mail: <a href=\"mailto:pinneberg@seniortrainer-sh.de\" target=\"_blank\" rel=\"noopener\">pinneberg@seniortrainer-sh.de<\/a><\/p>\r\n<\/div>\r\n<\/div>","protected":false},"excerpt":{"rendered":"<p>Unser seniorTrainerin-Kompetenzteam ist aktiv in der Region Kreis Pinneberg Zurzeit bestehen 10 Anlaufstellen in Schleswig-Holstein. An jeder der genannten Anlaufstellen bilden die Gemeinschaft der Seniortrainerinnen&hellip; <\/p>\n","protected":false},"author":1,"featured_media":0,"parent":0,"menu_order":0,"comment_status":"closed","ping_status":"closed","template":"","meta":{"footnotes":""},"class_list":["post-753","page","type-page","status-publish","hentry"],"_links":{"self":[{"href":"https:\/\/efi-sh.de\/pinneberg\/wp-json\/wp\/v2\/pages\/753","targetHints":{"allow":["GET"]}}],"collection":[{"href":"https:\/\/efi-sh.de\/pinneberg\/wp-json\/wp\/v2\/pages"}],"about":[{"href":"https:\/\/efi-sh.de\/pinneberg\/wp-json\/wp\/v2\/types\/page"}],"author":[{"embeddable":true,"href":"https:\/\/efi-sh.de\/pinneberg\/wp-json\/wp\/v2\/users\/1"}],"replies":[{"embeddable":true,"href":"https:\/\/efi-sh.de\/pinneberg\/wp-json\/wp\/v2\/comments?post=753"}],"version-history":[{"count":3,"href":"https:\/\/efi-sh.de\/pinneberg\/wp-json\/wp\/v2\/pages\/753\/revisions"}],"predecessor-version":[{"id":1221,"href":"https:\/\/efi-sh.de\/pinneberg\/wp-json\/wp\/v2\/pages\/753\/revisions\/1221"}],"wp:attachment":[{"href":"https:\/\/efi-sh.de\/pinneberg\/wp-json\/wp\/v2\/media?parent=753"}],"curies":[{"name":"wp","href":"https:\/\/api.w.org\/{rel}","templated":true}]}}