{"id":290,"date":"2021-09-22T05:43:14","date_gmt":"2021-09-22T05:43:14","guid":{"rendered":"https:\/\/demo.themefreesia.com\/zon\/?page_id=9"},"modified":"2024-09-06T21:49:08","modified_gmt":"2024-09-06T19:49:08","slug":"contact","status":"publish","type":"page","link":"https:\/\/efi-sh.de\/neumuenster\/contact\/","title":{"rendered":"Kontakt"},"content":{"rendered":"<div>\n<p>Sie haben Interesse an unserer ehrenamtlichen Arbeit?<br \/>\nDann d\u00fcrfen Sie gerne mal bei uns anfragen!<\/p>\n<\/div>\n<div>Stadt Neum\u00fcnster<br \/>\nSeniorenb\u00fcro<br \/>\nGro\u00dfflecken 71<br \/>\n24534 Neum\u00fcnster<\/div>\n<div>\n<p><small><a href=\"https:\/\/www.openstreetmap.org\/?mlat=54.06956&amp;mlon=9.98896#map=17\/54.06956\/9.98897\" target=\"_blank\" rel=\"noopener\">Auf Karte anzeigen<\/a><\/small><\/p>\n<p>Ansprechpartnerin: Christiane Johannsen<br \/>\nTelefon: 04321-942-2754, Fax: 04321-942-2086<\/p>\n<\/div>\n<div>Mail: <a href=\"mailto:christiane.johannsen@neumuenster.de\" target=\"_blank\" rel=\"noopener\">christiane.johannsen@neumuenster.de<\/a><\/div>\n","protected":false},"excerpt":{"rendered":"<p>Sie haben Interesse an unserer ehrenamtlichen Arbeit? Dann d\u00fcrfen Sie gerne mal bei uns anfragen! Stadt Neum\u00fcnster Seniorenb\u00fcro Gro\u00dfflecken 71 24534 Neum\u00fcnster Auf Karte anzeigen&hellip; <\/p>\n","protected":false},"author":1,"featured_media":0,"parent":0,"menu_order":0,"comment_status":"closed","ping_status":"closed","template":"page-templates\/contact-template.php","meta":{"footnotes":""},"class_list":["post-290","page","type-page","status-publish","hentry"],"_links":{"self":[{"href":"https:\/\/efi-sh.de\/neumuenster\/wp-json\/wp\/v2\/pages\/290","targetHints":{"allow":["GET"]}}],"collection":[{"href":"https:\/\/efi-sh.de\/neumuenster\/wp-json\/wp\/v2\/pages"}],"about":[{"href":"https:\/\/efi-sh.de\/neumuenster\/wp-json\/wp\/v2\/types\/page"}],"author":[{"embeddable":true,"href":"https:\/\/efi-sh.de\/neumuenster\/wp-json\/wp\/v2\/users\/1"}],"replies":[{"embeddable":true,"href":"https:\/\/efi-sh.de\/neumuenster\/wp-json\/wp\/v2\/comments?post=290"}],"version-history":[{"count":16,"href":"https:\/\/efi-sh.de\/neumuenster\/wp-json\/wp\/v2\/pages\/290\/revisions"}],"predecessor-version":[{"id":1208,"href":"https:\/\/efi-sh.de\/neumuenster\/wp-json\/wp\/v2\/pages\/290\/revisions\/1208"}],"wp:attachment":[{"href":"https:\/\/efi-sh.de\/neumuenster\/wp-json\/wp\/v2\/media?parent=290"}],"curies":[{"name":"wp","href":"https:\/\/api.w.org\/{rel}","templated":true}]}}