{"id":1209,"date":"2024-09-06T21:55:48","date_gmt":"2024-09-06T19:55:48","guid":{"rendered":"https:\/\/efi-sh.de\/neumuenster\/?page_id=1209"},"modified":"2024-09-06T21:55:48","modified_gmt":"2024-09-06T19:55:48","slug":"plattdueuetsch-in-gorland","status":"publish","type":"page","link":"https:\/\/efi-sh.de\/neumuenster\/plattdueuetsch-in-gorland\/","title":{"rendered":"Plattd\u00fc\u00fctsch in Gorland"},"content":{"rendered":"<p><strong>Projektziel: Kl\u00f6nschnacktreffen rund um den Stadtteil<\/strong><\/p>\n<p><strong>Zielgruppe: generationen\u00fcbergreifend<\/strong><\/p>\n<p><strong>Beginn: 2008<\/strong><\/p>\n<p><strong>Ansprechpartner: Heinz Fieroh<\/strong><\/p>\n<div class=\"n module-type-text diyfeLiveArea \">\n<p>Das Seniorenb\u00fcro Neum\u00fcnster unter Mitwirkung und F\u00f6rderung des <em>senior<\/em>Trainers Heinz Fieroh vom <em>senior<\/em>Kompetenzteam Neum\u00fcnster\u00a0 veranstaltet:<\/p>\n<p>Plattdeutsch in Gadeland und Umgebung.<br \/>\nMit`n plattd\u00fc\u00fctschen Kl\u00f6nschnack rund um Gorland \u00f6wer Sooken vun fr\u00f6her und nuu- geiht dat jeden dritten Deensdag im Monat um 19:00Uhr in`t Huus Gorland (Haus Gadeland Segeberger Stra\u00dfe).<br \/>\nMit regelm\u00e4\u00dfig wechselnden Themen werden zum Teil alte Erinnerungen ausgetauscht aber auch neue Entwicklungen rund um Gadeland behandelt.<\/p>\n<p>Jeder Interessierte hat hier die M\u00f6glichkeit (nach Absprache) seine T\u00e4tigkeiten und Ziele vorzustellen .<\/p>\n<p>Zum Beispiel:<br \/>\nIm Rahmen der Zielsetzung der Gruppe &#8222;F\u00f6rderung und Pflege der plattdeutschen Sprache in Gadeland und Umgebung&#8220; wurde generations\u00fcbergreifend ein Mal-und Schreibwettbewerb f\u00fcr Schulkinder ausgeschrieben. Teilnehmer waren Kinder der\u201c ArGe Plattdeutsch\u201c der Grundschule Gadeland. Mit Hilfe von Spendengeldern konnten alle Teilnehmer sich an dem Gewinn einer Eintrittskarte zum plattdeutschem Theaterabend des TSV Gadeland erfreuen. Ein kom\u00f6diger Abend ist auch mal dabei!<br \/>\nKontakt : Heinz Fieroh Tel. 04321 71425<\/p>\n<\/div>\n","protected":false},"excerpt":{"rendered":"<p>Projektziel: Kl\u00f6nschnacktreffen rund um den Stadtteil Zielgruppe: generationen\u00fcbergreifend Beginn: 2008 Ansprechpartner: Heinz Fieroh Das Seniorenb\u00fcro Neum\u00fcnster unter Mitwirkung und F\u00f6rderung des seniorTrainers Heinz Fieroh vom&hellip; <\/p>\n","protected":false},"author":7,"featured_media":0,"parent":0,"menu_order":0,"comment_status":"closed","ping_status":"closed","template":"","meta":{"footnotes":""},"class_list":["post-1209","page","type-page","status-publish","hentry"],"_links":{"self":[{"href":"https:\/\/efi-sh.de\/neumuenster\/wp-json\/wp\/v2\/pages\/1209","targetHints":{"allow":["GET"]}}],"collection":[{"href":"https:\/\/efi-sh.de\/neumuenster\/wp-json\/wp\/v2\/pages"}],"about":[{"href":"https:\/\/efi-sh.de\/neumuenster\/wp-json\/wp\/v2\/types\/page"}],"author":[{"embeddable":true,"href":"https:\/\/efi-sh.de\/neumuenster\/wp-json\/wp\/v2\/users\/7"}],"replies":[{"embeddable":true,"href":"https:\/\/efi-sh.de\/neumuenster\/wp-json\/wp\/v2\/comments?post=1209"}],"version-history":[{"count":1,"href":"https:\/\/efi-sh.de\/neumuenster\/wp-json\/wp\/v2\/pages\/1209\/revisions"}],"predecessor-version":[{"id":1210,"href":"https:\/\/efi-sh.de\/neumuenster\/wp-json\/wp\/v2\/pages\/1209\/revisions\/1210"}],"wp:attachment":[{"href":"https:\/\/efi-sh.de\/neumuenster\/wp-json\/wp\/v2\/media?parent=1209"}],"curies":[{"name":"wp","href":"https:\/\/api.w.org\/{rel}","templated":true}]}}